953
List the prime factors of 640742286.
2, 3, 31, 3444851
What are the prime factors of 49821651?
3, 11, 503249
What are the prime factors of 103604895?
3, 5, 2302331
List the prime factors of 46551990.
2, 3, 5, 1551733
List the prime factors of 49901775.
3, 5, 7, 11, 8641
What are the prime factors of 3472257156?
2, 3, 37, 7820399
List the prime factors of 13895151.
3, 23, 277, 727
What are the prime factors of 29070913?
4027, 7219
What are the prime factors of 3045302666?
2, 7, 31074517
List the prime factors of 3367216380.
2, 3, 5, 11, 337, 15139
What are the prime factors of 4567871998?
2, 67, 113, 301669
What are the prime factors of 241005117?
3, 163, 492853
What are the prime factors of 445813504?
2, 1741459
What are the prime factors of 2262081319?
17, 7827271
What are the prime factors of 48217385?
5, 347, 27791
What are the prime factors of 278277589?
278277589
What are the prime factors of 95366270?
2, 5, 9536627
List the prime factors of 23502376.
2, 1489, 1973
What are the prime factors of 5459993069?
23, 43, 5520721
What are the prime factors of 64032396?
2, 3, 5336033
List the prime factors of 4808173631.
17, 773, 21523
List the prime factors of 199177829.
29, 6868201
What are the prime factors of 1103841432?
2, 3, 197, 8647
List the prime factors of 3291940371.
3, 1097313457
List the prime factors of 672448143.
3, 29, 7729289
What are the prime factors of 1011281480?
2, 5, 11, 23, 99929
What are the prime factors of 3999372730?
2, 5, 399937273
What are the prime factors of 24852740?
2, 5, 11, 112967
List the prime factors of 56037078.
2, 3, 41, 75931
What are the prime factors of 4041884804?
2, 89, 821, 13829
List the prime factors of 15039437.
7, 2148491
What are the prime factors of 644459910?
2, 3, 5, 349, 61553
List the prime factors of 89345129.
79, 1130951
What are the prime factors of 81881674?
2, 7, 29, 41, 4919
What are the prime factors of 108712126?
2, 29, 61, 30727
What are the prime factors of 3034102228?
2, 4139, 183263
List the prime factors of 2912529582.
2, 3, 293, 184081
What are the prime factors of 8227734?
2, 3, 67, 97, 211
What are the prime factors of 704506598?
2, 863, 408173
List the prime factors of 529015071.
3, 13, 29, 127
What are the prime factors of 7804977?
3, 101, 25759
What are the prime factors of 320876163?
3, 35652907
List the prime factors of 13237383.
3, 41, 107621
What are the prime factors of 25732086?
2, 3, 4288681
What are the prime factors of 2793609858?
2, 3, 13, 35815511
List the prime factors of 5397745.
5, 37, 163, 179
List the prime factors of 596726385.
3, 5, 157, 253387
What are the prime factors of 964134752?
2, 7, 37, 116329
List the prime factors of 447181070.
2, 5, 7, 139, 45959
List the prime factors of 111403951.
367, 303553
List the prime factors of 67231109.
11, 37, 15017
What are the prime factors of 275393086?
2, 263, 383, 1367
List the prime factors of 325782756.
2, 3, 13, 47, 4937
What are the prime factors of 2927596209?
3, 19, 51361337
What are the prime factors of 35451366?
2, 3, 97, 60913
List the prime factors of 44971092.
2, 3, 416399
List the prime factors of 61149474.
2, 3, 3397193
What are the prime factors of 85801832?
2, 797, 13457
What are the prime factors of 64211292?
2, 3, 31, 2131
What are the prime factors of 238627968?
2, 3, 621427
What are the prime factors of 17824490?
2, 5, 59, 30211
What are the prime factors of 1592170751?
17, 89, 1052327
List the prime factors of 86847524.
2, 2141, 10141
What are the prime factors of 956056120?
2, 5, 31, 771013
List the prime factors of 142367428.
2, 7, 5084551
List the prime factors of 23731912.
2, 19, 156131
List the prime factors of 823405121.
7, 11, 59, 16477
What are the prime factors of 301487240?
2, 5, 7537181
What are the prime factors of 5168801912?
2, 646100239
List the prime factors of 324222691.
13, 17, 191, 7681
What are the prime factors of 129042487?
7, 18434641
List the prime factors of 246196276.
2, 149, 413081
What are the prime factors of 21462338?
2, 229, 46861
List the prime factors of 208617031.
7, 29802433
List the prime factors of 76154540.
2, 5, 7, 11, 49451
List the prime factors of 1149446948.
2, 13, 22104749
List the prime factors of 4822556.
2, 1205639
List the prime factors of 1449663232.
2, 71, 79757
List the prime factors of 39797805.
3, 5, 2653187
List the prime factors of 1902238939.
10691, 177929
List the prime factors of 8034259.
251, 32009
What are the prime factors of 931069572?
2, 3, 211, 367721
List the prime factors of 49291093.
23, 137, 15643
What are the prime factors of 145484057?
2741, 53077
What are the prime factors of 524969685?
3, 5, 181, 64453
What are the prime factors of 611552719?
611552719
List the prime factors of 118914592.
2, 17, 79, 2767
List the prime factors of 94184728.
2, 11, 241, 4441
List the prime factors of 112893946.
2, 11, 5131543
What are the prime factors of 752873423?
19, 39624917
What are the prime factors of 5056315?
5, 11, 149, 617
List the prime factors of 102862976.
2, 233, 3449
List the prime factors of 39301933.
11, 3572903
List the prime factors of 3226512862.
2, 1613256431
List the prime factors of 6561906.
2, 3, 13, 84127
What are the prime factors of 1017459787?
293, 397, 8747
List the prime factors of 123334532.
2, 30833633
What are the prime factors of 486657235?
5, 499, 195053
What are the prime factors of 45084377?
13, 3468029
What are the prime factors of 4636322339?
11, 421483849
What are the prime factors of 36285256?
2, 7, 647951
What are the prime factors of 238854082?
2, 71, 443, 3797
List the prime factors of 190243007.
190243007
List the prime factors of 839723699.
83, 2003, 5051
List the prime factors of 440884423.
7, 62983489
List the prime factors of 99937902.
2, 3, 16656317
What are the prime factors of 2633159537?
47, 56024671
What are the prime factors of 634140635?
5, 126828127
What are the prime factors of 380250835?
5, 23, 3306529
List the prime factors of 71341423.
23, 331, 9371
What are the prime factors of 5881050427?
7, 840150061
What are the prime factors of 422434100?
2, 5, 11, 23, 59, 283
What are the prime factors of 239727587?
11, 599, 36383
List the prime factors of 1313693446.
2, 13, 29, 223, 601
What are the prime factors of 107275095?
3, 5, 2383891
What are the prime factors of 970641685?
5, 13, 2423, 6163
What are the prime factors of 31189800?
2, 3, 5, 227, 229
List the prime factors of 2351680134.
2, 3, 391946689
What are the prime factors of 811655246?
2, 405827623
List the prime factors of 1122388885.
5, 29, 113, 68501
What are the prime factors of 5980574?
2, 1583, 1889
What are the prime factors of 68886665?
5, 167, 82499
What are the prime factors of 3575770556?
2, 41, 21803479
What are the prime factors of 274418752?
2, 4287793
What are the prime factors of 150728100?
2, 3, 5, 569, 883
List the prime factors of 254652296.
2, 107, 521, 571
What are the prime factors of 174505304?
2, 21813163
List the prime factors of 42556434.
2, 3, 109, 65071
List the prime factors of 1479759675.
3, 5, 1439, 13711
What are the prime factors of 2275965282?
2, 3, 379327547
List the prime factors of 22721314.
2, 7, 11, 147541
What are the prime factors of 1038348809?
1038348809
What are the prime factors of 5425041?
3, 691, 2617
What are the prime factors of 7065171?
3, 261673
List the prime factors of 2776607471.
11, 252418861
List the prime factors of 313288289.
59, 5309971
What are the prime factors of 19735623?
3, 17, 19, 31, 73
What are the prime factors of 373245632?
2, 41, 103, 1381
List the prime factors of 474740185.
5, 47, 2020171
What are the prime factors of 634275214?
2, 19, 16691453
What are the prime factors of 281439949?
7, 41, 79, 12413
List the prime factors of 7972845.
3, 5, 43, 47, 263
What are the prime factors of 109988006?
2, 54994003
What are the prime factors of 733251311?
13, 37, 1524431
List the prime factors of 310616261.
233, 1333117
List the prime factors of 77076807.
3, 25692269
List the prime factors of 139642302.
2, 3, 23273717
What are the prime factors of 25220595?
3, 5, 191, 8803
What are the prime factors of 4559733504?
2, 3, 1979051
List the prime factors of 27486553.
31, 886663
List the prime factors of 573269805.
3, 5, 19, 1307
List the prime factors of 2222003